927 prime?
False
Is 92438 a prime number?
False
Is 1691111 prime?
False
Is 2102989 composite?
True
Is 6098039 a composite number?
False
Is 164963 composite?
False
Is 6637 prime?
True
Is 83537 prime?
True
Is 110807 a composite number?
False
Is 5197 prime?
True
Is 251915 a prime number?
False
Is 1294691 prime?
True
Is 21427 a prime number?
False
Is 6941 a prime number?
False
Is 5981 a prime number?
True
Is 407091 prime?
False
Is 3641 a composite number?
True
Is 31469 composite?
False
Is 155797 prime?
True
Is 239771 composite?
True
Is 185243 composite?
False
Is 17519 a prime number?
True
Is 245501 a composite number?
False
Is 5905 a prime number?
False
Is 16493 a composite number?
False
Is 2921245 a prime number?
False
Is 29179 prime?
True
Is 104513 composite?
False
Is 1254367 a prime number?
True
Is 1197201 a prime number?
False
Is 10789037 composite?
True
Is 10085 composite?
True
Is 73237 a composite number?
False
Is 6931 a composite number?
True
Is 6947 a composite number?
False
Is 5381 a composite number?
False
Is 80071 a prime number?
True
Is 20681 prime?
True
Is 3687 a prime number?
False
Is 831 a composite number?
True
Is 1673 composite?
True
Is 782141 a composite number?
False
Is 23 a prime number?
True
Is 355841 a composite number?
False
Is 257627 a prime number?
True
Is 100399 composite?
True
Is 29629 a composite number?
False
Is 4769 prime?
False
Is 25703 prime?
True
Is 9811 prime?
True
Is 60565 a composite number?
True
Is 4295563 a prime number?
True
Is 31667 a prime number?
True
Is 77201 composite?
False
Is 11923 a composite number?
False
Is 4831 composite?
False
Is 65465 composite?
True
Is 28387 prime?
True
Is 15919 composite?
False
Is 45651 prime?
False
Is 42557 a prime number?
True
Is 41593 prime?
True
Is 32521 a prime number?
False
Is 1903 composite?
True
Is 3864767 a composite number?
False
Is 1225117 a prime number?
True
Is 68099 a composite number?
False
Is 115057 a composite number?
False
Is 93914 a composite number?
True
Is 553 a composite number?
True
Is 117037 a prime number?
True
Is 380753 prime?
True
Is 4621 composite?
False
Is 43683 a prime number?
False
Is 20279 a composite number?
True
Is 85999 a prime number?
True
Is 12603 a prime number?
False
Is 25301 prime?
True
Is 566413 prime?
True
Is 12351353 composite?
True
Is 80269 composite?
True
Is 124601 a prime number?
True
Is 22309 a prime number?
False
Is 565739 a prime number?
False
Is 3431 a composite number?
True
Is 17807 a composite number?
False
Is 20621 prime?
False
Is 433363 a prime number?
False
Is 416915 composite?
True
Is 41867 a prime number?
False
Is 64063 prime?
True
Is 72613 a composite number?
False
Is 14777 a prime number?
False
Is 3683 a prime number?
False
Is 1527 a prime number?
False
Is 12157 a prime number?
True
Is 45307 prime?
True
Is 47597 prime?
False
Is 194569 a prime number?
True
Is 697 a composite number?
True
Is 12853 a prime number?
True
Is 58037 composite?
True
Is 253 prime?
False
Is 16979 a composite number?
False
Is 51353 prime?
False
Is 18527 a prime number?
False
Is 15259 a prime number?
True
Is 374963 a composite number?
True
Is 4001493 prime?
False
Is 374721 a prime number?
False
Is 25997 a prime number?
True
Is 245633 prime?
False
Is 95549 a prime number?
True
Is 9505 prime?
False
Is 114547 composite?
False
Is 53731 composite?
False
Is 337385 composite?
True
Is 2762897 prime?
False
Is 99089 a composite number?
False
Is 4915 prime?
False
Is 15854 composite?
True
Is 2700157 a composite number?
True
Is 44949 a composite number?
True
Is 70079 prime?
True
Is 41863 a prime number?
True
Is 1373 prime?
True
Is 182827 composite?
True
Is 535949 composite?
True
Is 5633 a composite number?
True
Is 5437 a prime number?
True
Is 6761 a composite number?
False
Is 1949 a prime number?
True
Is 964783 a prime number?
True
Is 13997 prime?
True
Is 1301081 a prime number?
True
Is 16619 a composite number?
False
Is 110293 a composite number?
True
Is 22937 composite?
False
Is 23719 a prime number?
True
Is 74029 composite?
True
Is 7717 prime?
True
Is 93227 composite?
True
Is 204502 prime?
False
Is 1861 a prime number?
True
Is 53069 composite?
False
Is 25163 a prime number?
True
Is 519811 a prime number?
False
Is 153191 composite?
False
Is 7295 a prime number?
False
Is 21899 composite?
True
Is 483427 composite?
True
Is 287171 a prime number?
False
Is 12587 a prime number?
False
Is 49139 prime?
True
Is 56555 a composite number?
True
Is 290351 prime?
True
Is 41089 composite?
True
Is 455911 composite?
True
Is 84887 composite?
True
Is 9463 a prime number?
True
Is 65991 prime?
False
Is 65213 a composite number?
False
Is 48109 a composite number?
False
Is 190951 a composite number?
True
Is 1749833 a composite number?
False
Is 85477 a prime number?
False
Is 373553 prime?
True
Is 88931 a composite number?
True
Is 13529 a composite number?
True
Is 231113 prime?
False
Is 75967 composite?
False
Is 67503 composite?
True
Is 5935 composite?
True
Is 376741 a prime number?
False
Is 258197 a prime number?
True
Is 21251 a composite number?
True
Is 3825481 prime?
False
Is 431237 prime?
True
Is 37419 a prime number?
False
Is 3967 composite?
False
Is 417509 a composite number?
False
Is 97547 a composite number?
False
Is 4547 a composite number?
False
Is 11113 a composite number?
False
Is 8791 composite?
True
Is 779281 prime?
False
Is 542786 a prime number?
False
Is 2039 prime?
True
Is 84481 a composite number?
False
Is 204401 a composite number?
True
Is 4109 a composite number?
True
Is 5981 a prime number?
True
Is 62683 a prime number?
True
Is 64445 prime?
False
Is 10579 a composite number?
True
Is 174527 composite?
False
Is 1973 a composite number?
False
Is 1621286 a composite number?
True
Is 99469 composite?
False
Is 8191 a composite number?
False
Is 32577 a prime number?
False
Is 90543 a prime number?
False
Is 239817 prime?
False
Is 269473 a composite number?
False
Is 84011 a prime number?
True
Is 57489 composite?
True
Is 128509 a composite number?
False
Is 5317 prime?
False
Is 45295 composite?
True
Is 49103 a prime number?
True
Is 19121 composite?
False
Is 32107 composite?
True
Is 7853 composite?
False
Is 1918201 a prime number?
False
Is 12227 prime?
True
Is 64109 composite?
False
Is 262007 composite?
False
Is 125317 a prime number?
False
Is 85847 a composite number?
False
Is 13263 composite?
True
Is 5623 prime?
True
Is 105563 a composite number?
False
Is 614 composite?
True
Is 16969 a composite number?
True
Is 10483 composite?
True
Is 193073 a prime number?
True
Is 2707 prime?
True
Is 248509 a composite number?
False
Is 1253 a prime number?
False
Is 4006855 prime?
False
Is 1151 a prime number?
True
Is 9257 a prime number?
True
Is 3314 prime?
False
Is 88277 prime?
False
Is 115361 a composite number?
False
Is 3571 a composite number?
False
Is 202495 prime?
False
Is 254539 prime?
False
Is 44601 prime?
False
Is 132947 a composite number?
False
Is 64937 a prime number?
True
Is 5793 prime?
False
Is 1383 composite?
True
Is 67603 composite?
True
Is 32749 prime?
True
Is 88909 a composite number?
True
Is 2463 prime?
False
Is 318229 composite?
False
Is 2846 a prime number?
False
Is 7177 a composite number?
False
Is 334579 a prime number?
False
Is 1081669 composite?
True
Is 11558 a prime number?
False
Is 917 a composite number?
True
Is 2600627 a prime number?
True
Is 18295 prime?
False
Is 12247 prime?
False
Is 55801 composite?
True
Is 8053 a composite number?
False
Is 21731 composite?
True
Is 218506 a prime number?
False
Is 6499 prime?
False
Is 133553 a prime number?
False
Is 478769 prime?
True
Is 8923 a prime number?
True
Is 749633 prime?
False
Is 68141 composite?
False
Is 38939 a composite number?
True
Is 282407 prime?
True
Is 16886 prime?
False
Is 443507 a composite number?
True
Is 507266 composite?
True
Is 3329 a prime number?
True
Is 96821 composite?
False
Is 857321 composite?
False
Is 1412707 prime?
False
Is 8021 a prime number?
False
Is 930053 a composite number?
True
Is 526055 composite?
True
Is 3933455 prime?
False
Is 45361 a prime number?
True
Is 353557 composite?
False
Is 935953 a composite number?
True
Is 348709 prime?
True
Is 204503 composite?
True
Is 551251 a prime number?
False
Is 488021 a composite number?
False
Is 95983 a composite number?
True
Is 1037941 a prime n